+ 3. Suppose 3 + 4 = m. What is the remainder when 39 is divided by t(m)?
9
Let t(o) = -o**2 + 1. Let r be t(-1). What is the remainder when r + (-2)/(4/(-170)) is divided by 22?
19
Let c be 10/35 + (-33)/(-7). Suppose -c*r - 2*m = -4, -m - m = -4. Suppose r*h = -h + 10. Calculate the remainder when 18 is divided by h.
8
Let g = -43 + 54. Calculate the remainder when 42 is divided by g.
9
Suppose 4*t + 50 = 2*f, 3*f - 7*t = -3*t + 79. Suppose -f = -3*i + 19. Let g = i - 0. What is the remainder when 45 is divided by g?
13
Let y(k) = -k**2 + 4*k + 33. Calculate the remainder when 4 is divided by y(8).
0
Let a(x) = 12*x**3 - x**2 + 2*x - 1. Let p be a(1). Suppose 4*v = v + p. Calculate the remainder when 15 is divided by v.
3
Suppose 6*t - 7*t + 5*n = -94, 0 = -2*t - 5*n + 203. What is the remainder when t is divided by 1 + 3 + -1 + 22?
24
Let v(x) = x + 7. Let o be v(-4). Suppose 4*h - 13 = o*l, -2*h = -l - l - 8. What is the remainder when 7*5/10*8/14 is divided by h?
0
Suppose 3*n + 14 = 2*w + 2, -w = -3*n - 12. Suppose w*h + 4*h - 5*r = -4, 2*h = r + 4. What is the remainder when 6 is divided by h?
2
Suppose 0 = 2*x + 2*x + 8. Let l = x + -1. Calculate the remainder when (1/2)/(l/(-120)) is divided by 7.
6
Let t = 9 - 5. Suppose 487 - 91 = t*o. Calculate the remainder when o is divided by 25.
24
Let s(y) = y**2 - 20. What is the remainder when s(-7) is divided by 8?
5
Let p = -9 - -17. What is the remainder when 4*3*4/(-16) - -34 is divided by p?
7
Suppose 4*p = -5*c + 21, 0 = 3*c - 2*p - 0*p + 5. Suppose -o + 4*s + 6 = 0, -5 = -2*o - o - s. What is the remainder when o is divided by c?
0
Let z = -3 + 48. Let v be ((-32)/80)/((-1)/10). Suppose v*a - z = a. What is the remainder when 57 is divided by a?
12
Let i(m) = m**2 - 6*m - 6. What is the remainder when 1 + -2 - -13*3 is divided by i(8)?
8
Suppose 0 = -10*q + 137 + 233. Calculate the remainder when q is divided by 10.
7
Let l be 4 - (-3 - 6/(-2)). Let d = 5 - l. Let p = d - -21. What is the remainder when 65 is divided by p?
21
Let h(w) = -2*w**3 - 3*w**2 + 3*w - 3. Calculate the remainder when 53 is divided by h(-3).
8
Let i(m) = m**2 - m - 22. Suppose -4*j + 0*j = 8. What is the remainder when i(7) is divided by (-1)/j*22/1?
9
Let b = -8 + 22. Calculate the remainder when 38 is divided by b.
10
Let x = -8 + 12. Let y = 63 + -53. Calculate the remainder when y is divided by x.
2
Let b = -85 + 181. Suppose -q + 2*y + 38 = 4*y, -3*q = -3*y - b. Calculate the remainder when q is divided by 18.
16
Suppose -2*g + 15 = g. Suppose 0 = -i + g*i. Suppose 0*l + l - 6 = i. What is the remainder when 16 is divided by l?
4
Calculate the remainder when 139 + -2 + (-8 - -7) is divided by 35.
31
Let h(v) = 40*v**3 + v**2 - 2*v + 1. Suppose t = 1 + 13. What is the remainder when h(1) is divided by t?
12
Let p = -16 + 23. Calculate the remainder when 33 is divided by p.
5
Let m = -3 - 2. Calculate the remainder when 38 is divided by 3*m*18/(-27).
8
Let i be -3 - (3 - (8 + 1)). Suppose i = 6*r - 99. What is the remainder when 67 is divided by r?
16
Let g = 8 + -11. Suppose 3*c - 5*t = 21, -2*c + 0*c + 4*t + 14 = 0. What is the remainder when -1 + ((-39)/1)/g is divided by c?
5
Let c = 4 + 0. Suppose -c*z = -56 - 384. Suppose 4*b + 124 = 4*q, -z = -4*q - 2*b - b. Calculate the remainder when q is divided by 15.
14
Suppose 2*j - 7*j = 30. Let i(g) = g - 1. Calculate the remainder when 1 + (-3 - -2)*j is divided by i(4).
1
Let w(h) = -2*h - 3. Let u be w(7). Let r(b) = b**3 - 6*b**2 - 2*b - 2. Calculate the remainder when r(7) is divided by ((-8)/4)/(2/u).
16
Suppose -3*k = 15 - 78. What is the remainder when 62 is divided by k?
20
Suppose 5*q - 3 - 7 = 0. Suppose 0 = 2*m - 8 + 48. Calculate the remainder when (-2)/(-10) - 56/m is divided by q.
1
What is the remainder when (6/(-4))/(3/(2*-69)) is divided by 36?
33
Let j(w) = 6*w + 2. Suppose 3*c - 112 = 5*r, c - 42 = -8*r + 5*r. What is the remainder when c is divided by j(2)?
11
Let h = 21 - 12. Let d be h*1*6/(-9). Calculate the remainder when 19 is divided by (-58)/(-6) - 2/d.
9
Suppose 5*g - 31 = -1. Let a(x) = -4*x - 10. What is the remainder when a(-5) is divided by g?
4
Let o(l) = -1 + 1 + l - 7 + l**2. Suppose 4*f - 28 = 24. What is the remainder when o(-6) is divided by f?
10
Suppose 5*w = -4*m - 36 - 51, -w - m - 18 = 0. What is the remainder when ((-48)/w)/((-2)/(-25)) is divided by 14?
12
Calculate the remainder when 55 is divided by ((-8)/(-4) - 2 - -30)*1.
25
Let t(j) = j - 6. Let b be t(9). Suppose -5*f = 15, -b*f - 21 = -4*s + 64. Let i = 31 - s. Calculate the remainder when 34 is divided by i.
10
Let n(f) = -2*f**3 + f**2 + 2*f + 1. Let d be n(-1). Calculate the remainder when 2/(-1 + d) + 29 is divided by (-2)/6 - (-50)/6.
7
Let l = -2 - -6. Let p = 892 + -567. Suppose -l*o + 245 = -0*o + c, -5*o + p = -5*c. What is the remainder when o is divided by 16?
14
Let w = -1 + -15. Let i = w - -51. Let c = -601 + 613. Calculate the remainder when i is divided by c.
11
Suppose 0 = -2*w - w + 30. Calculate the remainder when 27 is divided by w.
7
Suppose 0 = -2*s - 3*a - 0*a + 31, 0 = -4*a + 20. What is the remainder when 8 is divided by s?
0
Let y = 41 + -37. Calculate the remainder when y is divided by 2.
0
Let a(n) = -19*n - 4. Let v be a(-3). Suppose z - 30 = 4*p + 11, 3*z - 3*p - 141 = 0. Calculate the remainder when z is divided by 2/(-3) - v/(-3).
15
Let p(l) = 9*l - 41. Calculate the remainder when p(11) is divided by 12.
10
What is the remainder when (12/(-4) + 2)*-24 is divided by 13?
11
What is the remainder when 514/10 - (21/15 + -1) is divided by 9?
6
Suppose 0 = 3*k - 35 - 1. Let d = 40 + -17. What is the remainder when d is divided by k?
11
Calculate the remainder when (-6)/4*(-340)/10 is divided by 13.
12
Let y = -25 + 29. What is the remainder when y is divided by 3?
1
Let m = 14 + -11. Calculate the remainder when 60 is divided by -5 + 25 - m/(-3).
18
Let r = -20 - -56. Calculate the remainder when r is divided by 13.
10
What is the remainder when 36 is divided by ((-4)/10)/((-13)/455)?
8
Let q(k) = k + k - k + 1. Let n = 15 - 11. Calculate the remainder when q(n) is divided by 3.
2
Let x(s) = -s**2 + s + 10. Suppose 2*g - 76 = -2*g. Suppose 5*v - 71 = g. What is the remainder when v is divided by x(0)?
8
Let s(p) = p**3 - 7*p**2 - 5*p + 12. Let x be s(8). What is the remainder when 51 is divided by x/(-20)*15/(-1)?
24
Let n(f) = -f + 11. Let t = -5 - -10. Calculate the remainder when n(t) is divided by 4.
2
Suppose -2*b - 3*z = -15, 5*b + z - 35 = -4*z. Suppose 102 = 4*n + 34. Calculate the remainder when n is divided by b.
5
Suppose -2*y - 6 = g, -8 = -3*g + 4*y - 36. What is the remainder when (-6)/g + 27/12 is divided by 2?
1
Let p be ((-2)/(-4))/((-3)/6). Let l = p - -12. What is the remainder when 31 is divided by l?
9
Let f = -28 + 59. Calculate the remainder when 55 is divided by f.
24
Let f be (-36)/(-21) + (-4)/(-14). Suppose 3*m - 5 = -f. Let s(n) = 25*n + 1. What is the remainder when s(m) is divided by 9?
8
Let t = -5 + 3. What is the remainder when (-70)/t - 3*-1 is divided by 10?
8
Let x = -20 - -58. Let j(h) = -h**3 + 10*h**2 - 10*h. Let o be j(7). Let k = o - x. Calculate the remainder when k is divided by 10.
9
Suppose -v - 582 = -4*v. Suppose -4*b + v = -x, 0*x - 5*x - 137 = -3*b. What is the remainder when b is divided by 13?
10
Suppose 46 = f + 16. Calculate the remainder when f is divided by 11.
8
Suppose -c + 3*k - 2*k + 12 = 0, -4*k + 2 = c. Calculate the remainder when 37 is divided by c.
7
Suppose 2 = 2*u, -3*r + 2*u + 3 = -2*r. Suppose 9 + r = n. What is the remainder when 53 is divided by n?
11
Suppose -2*w + 40 = -0*w. What is the remainder when w is divided by 11?
9
Let j be 7 - (-1 + 3/1). Let q(p) = -j*p - 11*p - 11*p. Calculate the remainder when q(-1) is divided by 7.
6
Suppose -39 = -z + 54. Calculate the remainder when z is divided by 24.
21
Let j = 6 + 4. What is the remainder when j is divided by 3?
1
Suppose 60 = z + 2. What is the remainder when z is divided by 15?
13
Suppose 63*u - 120 = 59*u. What is the remainder when 59 is divided by u?
29
Suppose -3*k + 9 = -3. What is the remainder when 9 is divided by (-135)/60*k/(-3)?
0
Suppose 0 = -3*g + 5*g - 42. What is the remainder when 82 